w?
3, 5
Let u(p) = -3*p - 5. What are the prime factors of u(-3)?
2
Let s(j) = -4*j**3 + 0*j**3 + 4 + 3*j**3 - 7*j**2. Suppose 4*h = -2*b - 34, -4*h - 7 - 6 = -b. What are the prime factors of s(b)?
2
Let b(w) = 2*w - 6. Let g be b(4). Suppose -3*x - 6 = -3*a, 0 = 3*x - 5 + g. Let i = a - -3. What are the prime factors of i?
2, 3
Suppose -3 = 5*a - 18. Let v be 8 - (0 + 0 - 0). Suppose -v = -a*n - n. List the prime factors of n.
2
Let w(p) = 4 + p + 0*p - 5*p**2 + 2 + p**3 + 0*p**3. Suppose 5*d - 20 = -4*n - n, d - 9 = -2*n. What are the prime factors of w(n)?
11
Let v be (-112)/(-10) - 2/10. Let f = v - 6. List the prime factors of f.
5
Suppose -2*f + 3*f + 1 = 0. What are the prime factors of (-58)/(-6) + f/(-3)?
2, 5
Suppose -42 + 34 = -2*a. List the prime factors of a.
2
Let j be 1 + 1/3*3. Let a(t) = j*t + 2 - 2. What are the prime factors of a(1)?
2
Let q(g) = -g**3 + 7*g**2 - g + 9. Let u be ((-5)/(-15))/((-1)/(-9)). Suppose -w + 10 = -o, -u*w + 2 + 16 = o. What are the prime factors of q(w)?
2
Let m(h) = -h + 4. Let k be m(-3). Suppose 93 = -k*l + 10*l. What are the prime factors of l?
31
Suppose -3*x - 2 = -11. Suppose 3*f = -o - x + 7, -4 = f + 3*o. List the prime factors of f.
2
Let q(f) be the second derivative of f**5/10 - f**4/6 - f**3/2 + 2*f**2 - 5*f. List the prime factors of q(3).
31
Let j(z) be the second derivative of z**4/12 - 5*z**3/3 + 6*z**2 + 8*z. List the prime factors of j(11).
23
Let h(n) = -1. Let j(a) = a - 10. Let p(z) = -2*h(z) + j(z). Let y be p(6). List the prime factors of (-12)/y - (3 - 2).
5
Let j(t) = 34*t**2 - 2*t + 1. Let q be j(1). Suppose 0*w - 3*w = -q. List the prime factors of w.
11
Let i(p) = 2*p**3 - p + 1. Let s be i(1). Let q(w) = w**3 + 5*w**2 - 8*w + 2. Let b be q(-6). Suppose s*k - b = k. What are the prime factors of k?
2, 7
Let b = 135 - 30. Suppose 0 = 2*o + 3*o - b. List the prime factors of ((-18)/7)/(o/(-98)).
2, 3
Suppose 2*f = -1 - 1, 2*p - 3*f - 11 = 0. Suppose 4*y = -c - 76, -p*y - 56 = -2*c - 2*c. What are the prime factors of (-9)/y + 42/4?
11
Let c(h) be the third derivative of h**5/60 - h**3 + 5*h**2. List the prime factors of c(7).
43
Let g(b) = b - 1. Let h(j) = -2*j + 10. Let z(x) = -4*g(x) - h(x). Let s(m) = -m**3 - 4*m**2 - 2*m - 2. Let n be s(-3). List the prime factors of z(n).
2
Let o be ((-6)/5)/(9/420). Let s = -40 - o. List the prime factors of s.
2
Let l be 0*1*(-1)/(-2). Suppose l*h + 3 = -h. What are the prime factors of 2 + 0/(-1 - h)?
2
Let z(u) = -u**3 + 7*u**2 - 3*u + 7. What are the prime factors of z(5)?
2, 3, 7
Suppose -2*f + 56 = -296. What are the prime factors of f?
2, 11
Let x(w) = w**3 + 13*w**2 - w + 14. What are the prime factors of x(-13)?
3
Suppose 0 = 5*b + 5*q - 245, -q = b - 6*b + 233. What are the prime factors of b?
47
Let l = 3 + 0. Suppose v + v + 5*f = -25, 3*v + l*f + 15 = 0. List the prime factors of 0/1 + (v - -4).
2
Suppose 0 = -5*j + 47 + 33. What are the prime factors of j?
2
Suppose d - 2*w + 0 - 8 = 0, 4*w - 20 = 0. Suppose -2*h - d = h. What are the prime factors of 4/12 + (-52)/h?
3
Suppose 0 = n - 1 - 2. Let f be (1/2)/(n/12). Suppose 2 = -f*j - 0, 2*v + 4*j - 4 = 0. What are the prime factors of v?
2
Let z(i) = i**2 - 3*i + 8. Let o be z(6). Let k = o + -5. List the prime factors of k.
3, 7
Let x = 9 + -4. Let c = x + -1. What are the prime factors of c?
2
Suppose 0 = -2*h + 8. Suppose -h = 3*b - 4*b. Suppose b*l - 9 - 23 = 0. What are the prime factors of l?
2
Let a(m) = 2 + 3*m + 3*m**2 - 2*m**2 + m**2. Let w be a(-2). Suppose 26 = 5*y - w. What are the prime factors of y?
2, 3
List the prime factors of (-1 - 72/(-3))/1.
23
Let i be (-357)/12 + 1/(-4). Let v be i/(-25)*(-20)/(-6). Suppose -v*f = -6 - 2. List the prime factors of f.
2
List the prime factors of 34*(2 - (1 - 21/3)).
2, 17
Suppose 0*x - 4 = -4*x. Let v = x + 23. Suppose -3*k + v = -0*k. List the prime factors of k.
2
Suppose 0 = -2*s + 3*k + k + 96, 3*s - 5*k = 144. List the prime factors of s.
2, 3
Suppose -p = -2*p. Suppose p*z = 5*z - 30. List the prime factors of z.
2, 3
List the prime factors of (16/20)/(3/165).
2, 11
Suppose 6 = m - 2*b, -2*m + 4*m = 3*b + 8. What are the prime factors of m/(2/9*-1)?
3
Suppose -2*v = -6*v + 28. Let j = 21 - v. What are the prime factors of j?
2, 7
Suppose -3*o + 48 + 18 = 0. Let d = 10 + -6. Suppose 3*r = w + o, -22 - 8 = -d*r + w. List the prime factors of r.
2
Suppose 0 = -o + 20 - 1. List the prime factors of o.
19
Suppose 4*z - 269 = 3*r - 102, 3*r - 99 = -3*z. List the prime factors of z.
2, 19
Suppose 4*f + 3 = 11. Suppose 5 + 1 = f*b. Suppose 3*h = -5*c + 17, -b*h - 15 + 46 = -2*c. What are the prime factors of h?
3
Let p = -8 - -10. List the prime factors of p*((-147)/(-6) + -3).
43
Let l(k) = -k**3 + 11*k**2. Let o be l(9). Suppose 4*u = -c - o, 182 + 16 = -5*u + c. List the prime factors of u/(-6) - (-5)/15.
7
Let k(z) = 4*z**3 - z**2 - z + 1. Let h be k(2). Let y = h - 14. What are the prime factors of y?
13
Let q(y) = -y**3 + 9*y**2 - 6*y - 7. What are the prime factors of q(6)?
5, 13
Let z(g) = -g - 21. Let a be z(-16). Let b = -2 - a. What are the prime factors of b?
3
Let h(q) = 3*q**2 - 24*q + 36. What are the prime factors of h(8)?
2, 3
Let v be (4/6)/(2/237). Let u = v + -53. List the prime factors of u.
2, 13
List the prime factors of 20/(0 - (-3 - -1)).
2, 5
Let q be -9*((-2)/1 - -1). What are the prime factors of -18*(2 - 21/q)?
2, 3
List the prime factors of (4/(-3))/(2/(-24)).
2
Suppose 62 + 84 = 2*d. Suppose -d = -4*c + 3. What are the prime factors of c?
19
Let c = -2 - -5. Let j(f) = 3 - f + 1 + c. What are the prime factors of j(5)?
2
Let w = 67 + -48. Suppose 3*c = r + w, -2*c - 15 = -3*c - 4*r. What are the prime factors of c?
7
Let p = -4 + 10. Let h(r) = p + 5 + 2*r - r. What are the prime factors of h(-9)?
2
Suppose 0*t = 5*t, 5*b - 3*t = 5. Let d(q) = 13*q - 1. What are the prime factors of d(b)?
2, 3
Suppose 4*o + 36 = 8*o. Suppose n = 4*r + 21, 4*n + 4*r - o = -n. Suppose -n = 2*d - 33. What are the prime factors of d?
2, 7
Suppose 0*x + 125 = 5*f - 3*x, -f = 4*x - 25. Suppose -2*z = 3*z - f. List the prime factors of z.
5
Suppose n = -3*q - 2, 3*q - 2*n - 5 = -1. Let m(g) = -g**2 + 30. Let s be m(q). Suppose 4*r - 2*i = -i + 43, 0 = 3*r - 3*i - s. List the prime factors of r.
11
Let z = 7 + -4. Let u(j) = z - 2 + 4*j**2 - 5*j**2 + 3*j - j**3 - 2. What are the prime factors of u(-3)?
2
Suppose -20 = -14*w + 10*w. What are the prime factors of w?
5
Let r(a) = -a**3 - 6*a**2 - 9*a - 5. List the prime factors of r(-6).
7
Suppose y - 46 = -2*z, -5*z + 93 = -4*y + 4. Suppose -9 = -3*x + z. What are the prime factors of x?
2, 5
Let i be 4/(-1) + -2 + 5. Let m(x) = 4*x - 1 + 2 - 17*x. What are the prime factors of m(i)?
2, 7
Suppose -3*p = 6*p - 1395. What are the prime factors of p?
5, 31
Let l(f) = 2*f**2 + 6*f + 2. Let c(p) = p**2 + 7*p + 2. Let y(t) = 3*c(t) - 2*l(t). List the prime factors of y(8).
2, 5
Suppose 0 = -0*f + 5*f + 5. Let h be (4/f - -2) + 1. List the prime factors of (-2)/h*15/3.
2, 5
Let k(z) = -z - 10. Let n be k(-12). What are the prime factors of n + (3 + -4 - -1)?
2
Suppose 3*o - 199 = -2*f + 7, 0 = -3*f - 15. Suppose 2*q - o = -4*w, 0*w - w - 3*q = -28. List the prime factors of w.
2
Let k = 7 - 12. Let z = k + 1. List the prime factors of (-1)/z - (-117)/12.
2, 5
Let b(q) = -q + 1. Suppose 4*l - 5*m - 62 = 0, 6*l - 3*l + 4*m - 31 = 0. Let t = l - 19. What are the prime factors of b(t)?
7
Let q be ((-8)/(-10))/((-1)/(-35)). Suppose 4*p - 3*n - q = -7*n, -2*n - 10 = 0. List the prime factors of (p - 4) + (1 - 3).
2, 3
Suppose 0*l + 48 = -3*l. Suppose 0*d = 8*d - 264. Let u = l + d. List the prime factors of u.
17
Suppose -b = -n - 2, 2*b + b - 2 = 4*n. What are the prime factors of b?
2, 3
Let n(j) = -j**2 - 2*j. Let l be n(-2). What are the prime factors of l/(-2 + 0) + 13?
13
Let h(n) = -n**2 + n + 1. Let q(a) = 2*a**3 - 14*a**2 + 12*a + 12. Let i(x) = -10*h(x) + q(x). What are the prime factors of i(3)?
2, 13
Suppose 0 = 2*o - o - 61. Let g = o + -34. What are the prime factors of g?
3
Let h = 100 + -34. List the prime factors of h.
2, 3, 11
Suppose g - 5*g = -568. List the prime factors of g.
2, 71
Let x = -58 + 105. What are the prime factors of x?
47
Let v(x) = -6